{"id":47442,"date":"2022-12-21T21:36:11","date_gmt":"2022-12-22T00:36:11","guid":{"rendered":"https:\/\/www.mundoacuicola.cl\/new\/?page_id=47442"},"modified":"2023-04-04T20:50:07","modified_gmt":"2023-04-04T23:50:07","slug":"portada-3","status":"publish","type":"page","link":"https:\/\/www.mundoacuicola.cl\/new\/portada-3\/","title":{"rendered":"portada"},"content":{"rendered":"","protected":true},"excerpt":{"rendered":"","protected":true},"author":1,"featured_media":0,"parent":0,"menu_order":0,"comment_status":"closed","ping_status":"closed","template":"template-home.php","meta":{"footnotes":""},"class_list":["post-47442","page","type-page","status-publish","post-password-required","hentry"],"yoast_head":"<!-- This site is optimized with the Yoast SEO plugin v27.2 - https:\/\/yoast.com\/product\/yoast-seo-wordpress\/ -->\n<title>www.mundoacuicola.cl - informaci\u00f3n especializada<\/title>\n<meta name=\"description\" content=\"Acuicultura en Chile, salmonicultura, pesca, empresas, salmones, mitilicultura y mucho m\u00e1s en informaci\u00f3n especializada\" \/>\n<meta name=\"robots\" content=\"index, follow, max-snippet:-1, max-image-preview:large, max-video-preview:-1\" \/>\n<link rel=\"canonical\" href=\"https:\/\/www.mundoacuicola.cl\/new\/portada-3\/\" \/>\n<meta property=\"og:locale\" content=\"es_ES\" \/>\n<meta property=\"og:type\" content=\"article\" \/>\n<meta property=\"og:title\" content=\"www.mundoacuicola.cl - informaci\u00f3n especializada\" \/>\n<meta property=\"og:description\" content=\"Acuicultura en Chile, salmonicultura, pesca, empresas, salmones, mitilicultura y mucho m\u00e1s en informaci\u00f3n especializada\" \/>\n<meta property=\"og:url\" content=\"https:\/\/www.mundoacuicola.cl\/new\/portada-3\/\" \/>\n<meta property=\"og:site_name\" content=\"Mundoacuicola\" \/>\n<meta property=\"article:publisher\" content=\"https:\/\/www.facebook.com\/mundo.acuicola\/\" \/>\n<meta property=\"article:modified_time\" content=\"2023-04-04T23:50:07+00:00\" \/>\n<meta name=\"twitter:card\" content=\"summary_large_image\" \/>\n<meta name=\"twitter:site\" content=\"@mundoacuicola\" \/>\n<meta name=\"twitter:label1\" content=\"Tiempo de lectura\" \/>\n\t<meta name=\"twitter:data1\" content=\"3 minutos\" \/>\n<script type=\"application\/ld+json\" class=\"yoast-schema-graph\">{\"@context\":\"https:\/\/schema.org\",\"@graph\":[{\"@type\":\"WebPage\",\"@id\":\"https:\/\/www.mundoacuicola.cl\/new\/portada-3\/\",\"url\":\"https:\/\/www.mundoacuicola.cl\/new\/portada-3\/\",\"name\":\"www.mundoacuicola.cl - informaci\u00f3n especializada\",\"isPartOf\":{\"@id\":\"https:\/\/www.mundoacuicola.cl\/new\/#website\"},\"datePublished\":\"2022-12-22T00:36:11+00:00\",\"dateModified\":\"2023-04-04T23:50:07+00:00\",\"breadcrumb\":{\"@id\":\"https:\/\/www.mundoacuicola.cl\/new\/portada-3\/#breadcrumb\"},\"inLanguage\":\"es\"},{\"@type\":\"WebSite\",\"@id\":\"https:\/\/www.mundoacuicola.cl\/new\/#website\",\"url\":\"https:\/\/www.mundoacuicola.cl\/new\/\",\"name\":\"Mundoacuicola\",\"description\":\"Revista de Acuicultura.\",\"publisher\":{\"@id\":\"https:\/\/www.mundoacuicola.cl\/new\/#organization\"},\"potentialAction\":[{\"@type\":\"SearchAction\",\"target\":{\"@type\":\"EntryPoint\",\"urlTemplate\":\"https:\/\/www.mundoacuicola.cl\/new\/?s={search_term_string}\"},\"query-input\":{\"@type\":\"PropertyValueSpecification\",\"valueRequired\":true,\"valueName\":\"search_term_string\"}}],\"inLanguage\":\"es\"},{\"@type\":\"Organization\",\"@id\":\"https:\/\/www.mundoacuicola.cl\/new\/#organization\",\"name\":\"Mundoacuicola\",\"url\":\"https:\/\/www.mundoacuicola.cl\/new\/\",\"logo\":{\"@type\":\"ImageObject\",\"inLanguage\":\"es\",\"@id\":\"https:\/\/www.mundoacuicola.cl\/new\/#\/schema\/logo\/image\/\",\"url\":\"https:\/\/www.mundoacuicola.cl\/new\/wp-content\/uploads\/2026\/01\/cropped-LOGO-Mundo-Acuicola-2026.png\",\"contentUrl\":\"https:\/\/www.mundoacuicola.cl\/new\/wp-content\/uploads\/2026\/01\/cropped-LOGO-Mundo-Acuicola-2026.png\",\"width\":1252,\"height\":296,\"caption\":\"Mundoacuicola\"},\"image\":{\"@id\":\"https:\/\/www.mundoacuicola.cl\/new\/#\/schema\/logo\/image\/\"},\"sameAs\":[\"https:\/\/www.facebook.com\/mundo.acuicola\/\",\"https:\/\/x.com\/mundoacuicola\",\"https:\/\/www.linkedin.com\/in\/mundo-acuicola\"]}]}<\/script>\n<!-- \/ Yoast SEO plugin. -->","yoast_head_json":{"title":"www.mundoacuicola.cl - informaci\u00f3n especializada","description":"Acuicultura en Chile, salmonicultura, pesca, empresas, salmones, mitilicultura y mucho m\u00e1s en informaci\u00f3n especializada","robots":{"index":"index","follow":"follow","max-snippet":"max-snippet:-1","max-image-preview":"max-image-preview:large","max-video-preview":"max-video-preview:-1"},"canonical":"https:\/\/www.mundoacuicola.cl\/new\/portada-3\/","og_locale":"es_ES","og_type":"article","og_title":"www.mundoacuicola.cl - informaci\u00f3n especializada","og_description":"Acuicultura en Chile, salmonicultura, pesca, empresas, salmones, mitilicultura y mucho m\u00e1s en informaci\u00f3n especializada","og_url":"https:\/\/www.mundoacuicola.cl\/new\/portada-3\/","og_site_name":"Mundoacuicola","article_publisher":"https:\/\/www.facebook.com\/mundo.acuicola\/","article_modified_time":"2023-04-04T23:50:07+00:00","twitter_card":"summary_large_image","twitter_site":"@mundoacuicola","twitter_misc":{"Tiempo de lectura":"3 minutos"},"schema":{"@context":"https:\/\/schema.org","@graph":[{"@type":"WebPage","@id":"https:\/\/www.mundoacuicola.cl\/new\/portada-3\/","url":"https:\/\/www.mundoacuicola.cl\/new\/portada-3\/","name":"www.mundoacuicola.cl - informaci\u00f3n especializada","isPartOf":{"@id":"https:\/\/www.mundoacuicola.cl\/new\/#website"},"datePublished":"2022-12-22T00:36:11+00:00","dateModified":"2023-04-04T23:50:07+00:00","breadcrumb":{"@id":"https:\/\/www.mundoacuicola.cl\/new\/portada-3\/#breadcrumb"},"inLanguage":"es"},{"@type":"WebSite","@id":"https:\/\/www.mundoacuicola.cl\/new\/#website","url":"https:\/\/www.mundoacuicola.cl\/new\/","name":"Mundoacuicola","description":"Revista de Acuicultura.","publisher":{"@id":"https:\/\/www.mundoacuicola.cl\/new\/#organization"},"potentialAction":[{"@type":"SearchAction","target":{"@type":"EntryPoint","urlTemplate":"https:\/\/www.mundoacuicola.cl\/new\/?s={search_term_string}"},"query-input":{"@type":"PropertyValueSpecification","valueRequired":true,"valueName":"search_term_string"}}],"inLanguage":"es"},{"@type":"Organization","@id":"https:\/\/www.mundoacuicola.cl\/new\/#organization","name":"Mundoacuicola","url":"https:\/\/www.mundoacuicola.cl\/new\/","logo":{"@type":"ImageObject","inLanguage":"es","@id":"https:\/\/www.mundoacuicola.cl\/new\/#\/schema\/logo\/image\/","url":"https:\/\/www.mundoacuicola.cl\/new\/wp-content\/uploads\/2026\/01\/cropped-LOGO-Mundo-Acuicola-2026.png","contentUrl":"https:\/\/www.mundoacuicola.cl\/new\/wp-content\/uploads\/2026\/01\/cropped-LOGO-Mundo-Acuicola-2026.png","width":1252,"height":296,"caption":"Mundoacuicola"},"image":{"@id":"https:\/\/www.mundoacuicola.cl\/new\/#\/schema\/logo\/image\/"},"sameAs":["https:\/\/www.facebook.com\/mundo.acuicola\/","https:\/\/x.com\/mundoacuicola","https:\/\/www.linkedin.com\/in\/mundo-acuicola"]}]}},"_links":{"self":[{"href":"https:\/\/www.mundoacuicola.cl\/new\/wp-json\/wp\/v2\/pages\/47442","targetHints":{"allow":["GET"]}}],"collection":[{"href":"https:\/\/www.mundoacuicola.cl\/new\/wp-json\/wp\/v2\/pages"}],"about":[{"href":"https:\/\/www.mundoacuicola.cl\/new\/wp-json\/wp\/v2\/types\/page"}],"author":[{"embeddable":true,"href":"https:\/\/www.mundoacuicola.cl\/new\/wp-json\/wp\/v2\/users\/1"}],"replies":[{"embeddable":true,"href":"https:\/\/www.mundoacuicola.cl\/new\/wp-json\/wp\/v2\/comments?post=47442"}],"version-history":[{"count":0,"href":"https:\/\/www.mundoacuicola.cl\/new\/wp-json\/wp\/v2\/pages\/47442\/revisions"}],"wp:attachment":[{"href":"https:\/\/www.mundoacuicola.cl\/new\/wp-json\/wp\/v2\/media?parent=47442"}],"curies":[{"name":"wp","href":"https:\/\/api.w.org\/{rel}","templated":true}]}}